26 + -6?
-12415135
In base 7, what is 132553661 - -23?
132554014
In base 10, what is -6238711 - -3?
-6238708
In base 6, what is -103145 - 320354?
-423543
In base 11, what is 4620 - -36?
4656
In base 3, what is -10100221022021101 - 1?
-10100221022021102
In base 16, what is 6652de3c + 2?
6652de3e
In base 10, what is -4809 + -3107?
-7916
In base 9, what is 2022623 - -8?
2022632
In base 3, what is 21202001200 - -2022220?
21211101120
In base 4, what is 3 - -32303302221?
32303302230
In base 9, what is -10 - -6218004?
6217884
In base 16, what is -175 + 67c5?
6650
In base 3, what is -10 + 110210222000012?
110210222000002
In base 8, what is 10772 - -234?
11226
In base 11, what is -2a028704 - -3?
-2a028701
In base 14, what is 2b9c209a - -2?
2b9c209c
In base 4, what is -1031133 - -20103?
-1011030
In base 15, what is 3d280 - -94?
3d324
In base 6, what is 44 + 412315324?
412315412
In base 13, what is 2 + ac60719?
ac6071b
In base 7, what is -15 - 103414632?
-103414650
In base 15, what is -2bd1952 + 1b?
-2bd1936
In base 15, what is -2a70 - -add7?
8367
In base 11, what is 4a7251 + -444?
4a6908
In base 6, what is 11355515 + 1103?
11401022
In base 10, what is 2347 - 44799?
-42452
In base 14, what is 4d74 + -7b0d?
-2b79
In base 14, what is 36914d1 + 6?
36914d7
In base 2, what is 101 + 110100111010011110111000?
110100111010011110111101
In base 10, what is -9 + -548219?
-548228
In base 13, what is -532 + b348?
ab16
In base 16, what is 1e668f8 + b?
1e66903
In base 3, what is -112222202221202020 - 12?
-112222202221202102
In base 4, what is 132110 + -230031333?
-223233223
In base 12, what is -621 - -1968?
1347
In base 7, what is -1412110343 + 1?
-1412110342
In base 16, what is -5 + -9dcdb?
-9dce0
In base 10, what is 523 - 62108?
-61585
In base 2, what is 111111 + 11111111100?
100000111011
In base 8, what is 372101 + 1430?
373531
In base 13, what is 2422 - -5399?
77bb
In base 16, what is a94720 + -4?
a9471c
In base 11, what is 1 - 1870a6614?
-1870a6613
In base 6, what is -11051012 - -140?
-11050432
In base 13, what is -2030 + 1265a?
1062a
In base 3, what is 11120000000002201 - 2?
11120000000002122
In base 12, what is 162 + -3372?
-3210
In base 8, what is 1442024 - -150?
1442174
In base 2, what is -111010100001 + 1010100001101100?
1001100111001011
In base 2, what is 1010 - -1100100101111100001?
1100100101111101011
In base 16, what is -c + 1ab757?
1ab74b
In base 3, what is 11020201 - 202211120?
-121120212
In base 11, what is 934 - -43494?
44318
In base 14, what is -9cbc85 + 6?
-9cbc7d
In base 16, what is -8 - -22cad?
22ca5
In base 11, what is 5 + 160703?
160708
In base 13, what is -ab2c51 + -3?
-ab2c54
In base 12, what is -1481117 + 115?
-1481002
In base 3, what is 11020121111112120 + -11?
11020121111112102
In base 12, what is 21650b - -3?
216512
In base 5, what is -34414212310 + -2?
-34414212312
In base 8, what is 5 + 3401701?
3401706
In base 5, what is -101034 + 44114?
-1420
In base 8, what is 276366004 - -3?
276366007
In base 2, what is -100011010000 + 100100001011?
111011
In base 3, what is 2102 + 121111021001122?
121111021011001
In base 4, what is 20331011121 - -1?
20331011122
In base 5, what is -2 - 30113434443?
-30113440000
In base 14, what is 1d3992 - 1?
1d3991
In base 14, what is 8c - 1356b8?
-13562a
In base 8, what is -24731173 - 2?
-24731175
In base 15, what is -317 + -ab91?
-aea8
In base 9, what is -11 + -58844741?
-58844752
In base 10, what is 4 + 1914869?
1914873
In base 4, what is 2102101312 - -102203?
2102210121
In base 3, what is -2002220020 + 22022?
-2002120221
In base 10, what is 1 + -8282874?
-8282873
In base 10, what is -222997 - 258?
-223255
In base 2, what is 10000010101 - 10000001?
1110010100
In base 2, what is 10111100110110 - -110011010010111?
1001010111001101
In base 11, what is -6084a2 - -46?
-608457
In base 10, what is 125 + -4743957?
-4743832
In base 11, what is -1763 - 161a84?
-163737
In base 15, what is 1471a2 + -3b?
147166
In base 8, what is 12517012 + -2?
12517010
In base 11, what is 55a30 + 40?
55a70
In base 9, what is 4 - -4522088?
4522103
In base 14, what is -c9 - -19a88d?
19a7a4
In base 13, what is -38cc0 + 91c?
-383a1
In base 6, what is 41 + -1023510?
-1023425
In base 2, what is 100 + 1010000000100100110110100011?
1010000000100100110110100111
In base 7, what is -345 + -5410631?
-5411306
In base 3, what is -10020201 + -11110221?
-21201122
In base 13, what is 2b4880 + -127?
2b4756
In base 2, what is -110001000 + 10001000110010001100?
10001000101100000100
In base 11, what is 374568 - 203?
374365
In base 13, what is 21653c58 - 4?
21653c54
In base 5, what is 23044 + 1101440?
1130034
In base 6, what is 4021342 + -2434?
4014504
In base 4, what is 3 - -21131002233201?
21131002233210
In base 10, what is -2160209 - -3?
-2160206
In base 10, what is -728710 + 16?
-728694
In base 14, what is 3a + -16a84?
-16a48
In base 13, what is -206a9b12 + 1?
-206a9b11
In base 11, what is -2539124 - -56?
-2539079
In base 8, what is 0 - 7304007?
-7304007
In base 13, what is 3405a6 + -36?
340570
In base 5, what is -303424 + -10433?
-314412
In base 14, what is 57cd9 + 695?
58590
In base 5, what is -231401232 + 3?
-231401224
In base 14, what is -844 - -7b4d?
7309
In base 10, what is -465 - -1629748?
1629283
In base 6, what is -452240 + -525?
-453205
In base 13, what is 1b069a8 - 0?
1b069a8
In base 3, what is 222001100010 + -12200?
222001010110
In base 15, what is -1a98154 - -4?
-1a98150
In base 12, what is -2492763 - -1?
-2492762
In base 7, what is 2465450 + -6653?
2455464
In base 9, what is -10444451 + -1?
-10444452
In base 4, what is 33133230202 + -11?
33133230131
In base 2, what is 0 + -11111110000000110011111011?
-11111110000000110011111011
In base 9, what is 2031513 - 10?
2031503
In base 9, what is 767801238 - -5?
767801244
In base 6, what is 1301523 - -42552?
1344515
In base 8, what is -554 + -2605170?
-2605744
In base 11, what is -2 + -4680775?
-4680777
In base 11, what is -2193566 + -1?
-2193567
In base 3, what is -21002110001212222 + -2?
-21002110001220001
In base 6, what is -1114225 + 14?
-1114211
In base 5, what is -10 - 30431144414?
-30431144424
In base 16, what is 1d25 + -7f?
1ca6
In base 16, what is -98 - a61d0?
-a6268
In base 6, what is -2 - 1235503145?
-1235503151
In base 9, what is 270 - 418660?
-418380
In base 11, what is -1540 - 42383?
-43913
In base 3, what is 100012012212212 + -102?
100012012212110
In base 12, what is -47b06 - -858?
-4726a
In base 5, what is 3103 - 434242?
-431134
In base 7, what is 33 - -2015364?
2015430
In base 6, what is -125343211 + 13?
-125343154
In base 16, what is 5f - -946bb?
9471a
In base 7, what is -6261601 + -210?
-6262111
In base 11, what is -52024 + 1?
-52023
In base 12, what is 7 - -1b922b?
1b9236
In base 10, what is -1417123 + 1?
-1417122
In base 16, what is 7e83 + -1ec?
7c97
In base 3, what is 21021200002 + -102120?
21021020112
In base 13, what is -421121 - -44?
-4210aa
In base 2, what is 0 + -10011011010010111101?
-10011011010010111101
In base 8, what is -552 - 327344?
-330116
In base 3, what is -11101122201 - -111012?
-11101011112
In base 9, what is -154048 + -2?
-154051
In base 10, what is -13746126 + 8?
-13746118
In base 5, what is -440 + 1143100031?
1143044041
In base 12, what is 888 - -10958?
11624
In base 4, what is -200032 - -120?
-133312
In base 10, what is -2 + -55785137?
-55785139
In base 2, what is -110010000100001100111 - 1111?
-110010000100001110110
In base 2, what is -11000000110010100110 - -1010?
-11000000110010011100
In base 11, what is -40 - 59021?
-59061
In base 10, what is 2946 + -69709?
-66763
In base 15, what is -1 + 2a122d?
2a122c
In base 14, what is 1767 - -1728?
3091
In base 4, what is 32 + -23203121221?
-23203121123
In base 9, what is 123644 - -14?
123658
In base 3, what is 111112220120 - 121220?
111112021200
In base 6, what is 50355 + -3012?
43343
In base 11, what is 11264929 + 0?
11264929
In base 9, what is 2 + -4462737?
-4462735
In base 8, what is 341 - 443700?
-443337
In base 2, what is 1 + -101110000110100110011101110?
-101110000110100110011101101
In base 9, what is 83 + 43230?
43323
In base 4, what is 322 + 12330?
13312
In base 12, what is -1350b55 - -2?
-1350b53
In base 13, what is 0 + -13bcab?
-13bcab
In base 7, what is 13333 + 620150?
633513
In base 7, what is 102450565